e o(5).
-72
Let g(k) = k**2 + 12*k + 12. Calculate g(-8).
-20
Let j(t) = 14*t + 65. Give j(-4).
9
Let f(l) = 54*l + 213. Give f(-4).
-3
Let q(p) = -p**3 + 5*p**2 - 3*p + 6. Determine q(4).
10
Let g(s) = s**2 - 11*s + 11. Determine g(9).
-7
Let t(o) = -o**3 - 9*o**2 - 7*o - 3. Calculate t(-6).
-69
Let j(n) = -12*n + 90. What is j(7)?
6
Let s(d) = d + 64. Give s(-43).
21
Let i(x) = -x**2 + 16*x - 24. Give i(15).
-9
Let b(u) = -u**2 + u. Determine b(3).
-6
Let h(z) = -z**2 + 12*z - 14. Give h(11).
-3
Let c(x) = x**2 - 9*x - 7. Calculate c(9).
-7
Let m(n) = -n - 36. Determine m(-36).
0
Let g(j) = 3*j**3 - 3*j + 2. Determine g(2).
20
Let m(f) = f**2 - 28*f + 29. Calculate m(27).
2
Let b(n) = -n**3 + 8*n**2 - 13*n + 5. What is b(5)?
15
Let g(r) = -11*r + 20. Give g(0).
20
Let f(m) = 4*m**2 - 6. Give f(0).
-6
Let w(m) = -m**3 - 2*m**2 + 4*m + 5. Calculate w(-2).
-3
Let n(r) = 16*r. Determine n(1).
16
Let f(u) = -u**3 + 6*u**2 + 12*u - 5. Give f(7).
30
Let w(x) = 3*x + 9. What is w(-9)?
-18
Let b(a) = -a - 13. Calculate b(7).
-20
Let x(r) = 7*r - 18. Give x(3).
3
Let r(n) = n + 25. What is r(-20)?
5
Let h(w) = w**3 - 12*w**2 - 11*w + 3. What is h(13)?
29
Let n(v) = v**3 - 7*v**2 - 7*v - 5. What is n(8)?
3
Let w(y) = 5*y**2 + 43*y + 20. Calculate w(-8).
-4
Let c(a) = -a**3 + 11*a**2 - 6*a + 27. Give c(11).
-39
Let s(b) = b**2 + 12*b + 5. Calculate s(-10).
-15
Let q(x) = -x**3 + 8*x**2 - 17*x - 2. Give q(4).
-6
Let q(c) = -7*c - 53. What is q(-8)?
3
Let m(l) = l**3 - 2*l**2 - 5*l + 11. Give m(3).
5
Let m(g) = -g**3 + 7*g**2 - 6*g - 4. Determine m(6).
-4
Let p(n) = n**3 - 7*n**2 + 13*n - 4. Give p(4).
0
Let h(r) = -2*r - 9. Calculate h(8).
-25
Let q(o) = -o**3 - 8*o**2 - 8*o + 4. Calculate q(-6).
-20
Let y(f) = f**3 - 13*f**2 - 20. Determine y(13).
-20
Let c(a) = 3*a**2 - 25*a - 27. Give c(11).
61
Let b(a) = -a**2 + 12*a + 10. What is b(7)?
45
Let q(g) = g**2 + 5*g - 5. Calculate q(-6).
1
Let n(r) = -5*r**2 + 33*r + 18. Determine n(7).
4
Let v(l) = -l**2 - 12*l. Calculate v(-11).
11
Let o(h) = -3*h**3 + h**2 + 3*h + 1. Give o(-2).
23
Let u(o) = 37*o - 1. Calculate u(-1).
-38
Let r(w) = -w**2 - w + 11. Calculate r(0).
11
Let u(b) = b + 7. Determine u(-13).
-6
Let s(l) = 23*l**2 - 4*l + 3. Determine s(1).
22
Let c(p) = -p**3 + p**2 - p - 1. Calculate c(1).
-2
Let f(j) = -4*j + 5. Calculate f(3).
-7
Let j(f) = f**2 + 9*f + 8. Give j(-7).
-6
Let g(d) = -2*d**3 + 9*d**2 - 7*d + 8. What is g(4)?
-4
Let j(d) = -12*d + 8. What is j(2)?
-16
Let q(u) = 3*u - 32. Calculate q(11).
1
Let l(s) = -s - 4. Calculate l(3).
-7
Let b(l) = -5*l - 8. Calculate b(4).
-28
Let p(o) = 13*o + 1. Determine p(1).
14
Let o(b) = b**2 + 19*b - 72. Calculate o(-22).
-6
Let z(f) = f + 34. What is z(-35)?
-1
Let w(c) = c**2 + 37*c + 333. Calculate w(-21).
-3
Let z(i) = -i**3 - 4*i**2 + 6*i + 13. Give z(-4).
-11
Let h(m) = 6*m + 133. Give h(-19).
19
Let w(m) = -2*m + 24. Determine w(10).
4
Let h(v) = v**3 - 8*v**2 + 13*v - 21. What is h(7)?
21
Let w(j) = j**2 + j - 10. Calculate w(-12).
122
Let x(o) = -11*o + 3. Give x(3).
-30
Let y(d) = 3*d**3 + 142*d**2 + 47*d - 1. What is y(-47)?
-1
Let y(q) = 3*q + 24. What is y(-5)?
9
Let w(n) = n**3 + 5*n**2 + 8*n + 19. What is w(-4)?
3
Let h(j) = 3*j + 3. Calculate h(-7).
-18
Let v(b) = b**3 - 23*b - 5. Give v(-5).
-15
Let k(c) = -36*c**2 + 15*c + 14. What is k(-1)?
-37
Let c(t) = t**2 - 4*t + 18. Calculate c(5).
23
Let v(o) = 4*o**3 + 2*o**2 - 1. Give v(-1).
-3
Let z(s) = 12*s**2 + s - 1. What is z(-1)?
10
Let w(x) = -x + 3. Calculate w(-14).
17
Let q(t) = -3*t**2 + 14*t - 35. What is q(5)?
-40
Let u(n) = n + 18. Calculate u(-14).
4
Let b(o) = o**2 - 3*o + 6. Calculate b(2).
4
Let m(y) = 2*y**2 - 18*y + 35. What is m(4)?
-5
Let t(r) = -r - 6. Calculate t(12).
-18
Let f(j) = -j**3 + 5*j**2 + 4. What is f(5)?
4
Let c(o) = o - 4. Give c(-13).
-17
Let o(q) = q**3 + 9*q**2 + 9*q + 7. Calculate o(-8).
-1
Let k(b) = -3*b + 35. Give k(13).
-4
Let x(l) = -l**2 - 7*l - 6. Determine x(-7).
-6
Let a(d) = -d**3 - 7*d**2 + 6*d - 2. What is a(-6)?
-74
Let d(z) = z**2 + 6*z - 3. Calculate d(-8).
13
Let p(r) = r**3 + 22*r**2 + 22*r + 29. Determine p(-21).
8
Let a(j) = -3*j - 146. Give a(-44).
-14
Let h(z) = 2*z - 29. Calculate h(-6).
-41
Let d(o) = 20*o + 672. What is d(-34)?
-8
Let q(c) = 2*c - 36. Calculate q(16).
-4
Let z(d) = d**3 - 39*d**2 - 40*d - 51. Calculate z(40).
-51
Let a(q) = q**3 - 8*q**2 - q + 10. Give a(8).
2
Let o(i) = i**2 + 15*i - 8. Calculate o(-15).
-8
Let q(x) = 3*x**2 - 32*x + 91. Calculate q(3).
22
Let a(j) = -j + 19. Give a(-15).
34
Let j(f) = 3*f**2 - 21*f - 19. Calculate j(8).
5
Let n(g) = g**3 + 2*g**2 + 2. Calculate n(-3).
-7
Let k(j) = 11*j - 3. What is k(1)?
8
Let n(h) = -2*h**2 + 5*h + 12. Determine n(4).
0
Let t(m) = 7*m**2 + 45*m + 4. Calculate t(-7).
32
Let w(f) = f**3 + 5*f**2 + f + 1. Calculate w(-4).
13
Let q(g) = -g - 25. Calculate q(0).
-25
Let l(j) = j**2 - 11*j + 12. Give l(7).
-16
Let x(d) = 28*d + 720. Determine x(-26).
-8
Let f(c) = -3*c + 2. What is f(2)?
-4
Let n(g) = g**3 - 13*g**2 + 14*g - 25. Calculate n(12).
-1
Let g(h) = -h**2 + 3*h - 3. Give g(4).
-7
Let i(a) = a**3 + 10*a**2 + 14*a - 5. Calculate i(-8).
11
Let q(o) = o**3 + 7*o**2 + 9. Determine q(-7).
9
Let b(h) = 2*h**2 + 5*h - 22. Calculate b(5).
53
Let w(u) = 27*u + 21. Give w(2).
75
Let w(d) = -d**3 - 15*d**2 - 2*d - 27. Calculate w(-15).
3
Let k(u) = -u**3 - 36*u**2 + 74*u - 67. What is k(-38)?
9
Let g(i) = -12*i - 9. Determine g(0).
-9
Let r(f) = -f - 23. Determine r(-8).
-15
Let s(g) = g**3 - g**2 - 24. What is s(0)?
-24
Let z(s) = -20*s + 10. Give z(2).
-30
Let a(o) = o**2 - 7*o + 12. Calculate a(11).
56
Let b(f) = -f**3 - f - 16. Give b(0).
-16
Let h(g) = -6*g + 32. Give h(5).
2
Let s(t) = -2*t + 18. What is s(5)?
8
Let b(j) = 7*j**2 + 6*j - 14. Give b(-5).
131
Let h(w) = -14*w - 165. Calculate h(-11).
-11
Let z(s) = -5*s + 52. What is z(0)?
52
Let t(i) = -5*i - 2. Determine t(1).
-7
Let z(g) = 7*g + 29. Give z(-7).
-20
Let t(u) = u**3 - 17*u**2 + 8*u + 17. Determine t(16).
-111
Let t(c) = c**2 + 5*c + 9. Give t(-6).
15
Let x(z) = 5*z + 7. Give x(-2).
-3
Let p(i) = i**3 + 6*i**2 - i - 6. Determine p(-6).
0
Let p(j) = j**3 + 8*j**2 + 11*j - 18. Calculate p(-6).
-12
Let b(f) = f**3 + 31*f**2 + 30*f + 5. What is b(-30)?
5
Let g(p) = p**2 - 10*p - 11. What is g(8)?
-27
Let z(m) = m - 10. Give z(5).
-5
Let i(p) = 40*p + 7. Calculate i(0).
7
Let s(z) = z**2 + 4*z - 1. Determine s(-3).
-4
Let m(v) = v**3 - 6*v**2 - 9*v - 12. What is m(6)?
-66
Let z(x) = x**2 - 3*x - 38. What is z(7)?
-10
Let u(x) = x**2 - 16*x + 91. What is u(9)?
28
Let j(c) = -9*c**2 + 4*c - 3. What is j(2)?
-31
Let z(b) = -b**3 + 2*b**2 - b + 1. Determine z(4).
-35
Let w(c) = -2*c**3 - 14*c**2 + c - 7. Determine w(-7).
-14
Let j(s) = s**2 + 11*s - 2. Calculate j(-7).
-30
Let y(l) = -10*l**2 - 4*l - 1. Give y(4).
-177
Let l(w) = 2*w + 7. Determine l(10).
27
Let n(c) = 2*c + 14. Give n(10).
34
Let d(s) = 11*s**2. What is d(1)?
11
Let m(u) = -u**2 + 7*u + 6. Determine m(9).
-12
Let m(v) = v**3 - 8*v**2 + 8*v - 5. What is m(7)?
2
Let u(k) = 6*k - 19. Calculate u(-3).
-37
Let s(b) = -b**3 + 4*b**2 - 7*b + 2. What is s(3)?
-10
Let b(w) = w**2 + 10*w - 9. Determine b(-10).
-9
Let w(q) = -6*q + 62. Determine w(8).
14
Let t(d) = d**2 - 12*d + 9. Give t(6).
-27
Let v(y) = -y**3 - 18*y**2 + 50*y + 204. Give v(-20).
4
Let n(i) = -i**3 + 9*i**2 + 5*i + 12. Calculate n(10).
-38
Let b(u) = -u**3 - 6*u**2 - 12*u - 12. Calculate b(-4).
4
Let z(l) = -10*l - 29. Calculate z(-5).
21
Let w(d) = -64*d - 129. Determine w(-2).
-1
Let h(a) = -a**3 + 8*a**2 - 7*a - 3. Give h(6).
27
Let k(b) = b**2 - 16*b + 37. Calculate k(12).
-11
Let o(r) = r**3 - 9*r**2 + 10*r - 11. Calculate o(8).
5
Let i(c) = -6*c - 2. Determine i(-6).
34
Let w(n) = -20*n + 22. Calculate w(1).
2
Let b(p) = p**3 - 17*p**2 - 36*p - 19. What is b(19)?
19
Let a(h) = h**2 - 15*h - 1. Give a(15).
-1
Let q(i) = i**2 + 16*i + 7. Give q(-14).
-21
Let w(k) = -k**3 + 20*k**2 - 2*k + 43. Calculate w(20).
3
Let y(c) = -4*c - 23. Calculate y(6).
-47
Let x(n) = 2*n**2 - 9*n + 6. Calculate x(6).
24
Let k(y) = y**3 + 2*y**2 - 4*y - 1. Calculate k(-4).
-17
Let r(l) = 5*l + 24. Give r(-8).
-16
Let l(z) = -33*z**3. Give l(1).
-33
Let w(o) = -o - 7. What is w(-